ne m(-1).
3
Let m(s) = -s**3 - 5*s**2 - s. What is m(-4)?
-12
Let m(y) = 3*y**2 - 35*y + 100. What is m(4)?
8
Let s(y) = y**3 - 9*y**2 + 13*y - 28. Give s(8).
12
Let o(u) = -u**3 + 4*u**2 - u + 3. Determine o(3).
9
Let v(h) = 3*h**2 + 16*h + 8. Determine v(-5).
3
Let k(u) = -2*u**2 - 5*u - 3. Give k(-5).
-28
Let s(l) = -14*l**3 + 10*l**2 - 11*l + 2. Calculate s(1).
-13
Let f(v) = 4*v**2 - 5*v. Calculate f(4).
44
Let h(s) = s**3 - 2*s + 3. Determine h(-3).
-18
Let r(p) = -3*p + 3. Give r(0).
3
Let t(z) = 4*z - 1. What is t(6)?
23
Let t(c) = -7*c - 41. Calculate t(-6).
1
Let f(w) = -3*w. Give f(-9).
27
Let f(d) = -d**3 - 2*d**2 + 2*d. What is f(-3)?
3
Let y(n) = 5*n + 2. Calculate y(9).
47
Let a(x) = -3*x**2 - 5*x - 3. Calculate a(-1).
-1
Let j(a) = a**3 + 7*a**2 + 12*a + 3. Give j(-3).
3
Let b(z) = 2*z + 18. Determine b(-12).
-6
Let f(v) = 3*v + 42. Calculate f(-20).
-18
Let p(d) = -d**3 - 15*d**2 - 16*d - 16. Give p(-14).
12
Let i(q) = -3*q + 51. Determine i(13).
12
Let o(f) = -f + 7. Determine o(8).
-1
Let w(o) = 2*o - 13. Give w(7).
1
Let v(n) = n + 14. Determine v(0).
14
Let u(q) = q**2 - 7*q + 15. Give u(7).
15
Let y(v) = v**2 - 14*v + 11. What is y(11)?
-22
Let p(n) = -n**2 - 23. Calculate p(0).
-23
Let d(h) = -h**2 + 11*h + 21. Give d(10).
31
Let r(w) = -w**3 + 18*w**2 - 31*w - 4. Determine r(16).
12
Let k(d) = d**3 + 11*d**2 + 2*d - 8. Determine k(-11).
-30
Let q(n) = -n**3 - 11*n**2 + 5*n + 25. Give q(-11).
-30
Let h(b) = 2*b - 41. Determine h(18).
-5
Let i(f) = f**2 + 5*f + 4. Calculate i(-3).
-2
Let r(i) = 78*i + 239. What is r(-3)?
5
Let y(m) = m**3 - 28*m**2 + 32*m - 129. What is y(27)?
6
Let v(b) = b**3 - 11*b**2 + 2*b - 7. What is v(11)?
15
Let o(w) = w**3 - 12*w**2 - 13*w - 2. Calculate o(13).
-2
Let y(x) = 2*x**2 + 18*x - 9. Give y(-9).
-9
Let n(t) = -t**2 + 6*t - 3. Give n(9).
-30
Let v(b) = 12*b - 42. Calculate v(4).
6
Let q(l) = l**2 - 7*l + 7. Calculate q(7).
7
Let n(b) = -32*b**2 + 1. What is n(-1)?
-31
Let f(u) = -5*u + 4. Give f(-5).
29
Let p(g) = 2*g**3 - g**2 - 2*g + 2. Determine p(3).
41
Let v(x) = x**3 + 19*x**2 + 59*x - 10. Give v(-15).
5
Let h(n) = 10*n. Give h(-6).
-60
Let o(k) = -4*k. What is o(3)?
-12
Let f(m) = -m**2 + 8*m + 17. What is f(9)?
8
Let w(m) = m**2 - 16*m - 30. Give w(11).
-85
Let x(g) = -g**2 + g - 3. Calculate x(2).
-5
Let v(d) = -d**3 + 9*d**2 + 12*d - 1. Give v(10).
19
Let z(p) = -13*p + 76. Give z(6).
-2
Let k(x) = -x**3 - 24*x**2 - 2*x - 42. Calculate k(-24).
6
Let x(o) = -o**3 - o**2 + o + 44. Calculate x(0).
44
Let y(c) = c**3 + 3*c**2 - 5*c - 1. Give y(-4).
3
Let s(y) = y**3 + 11*y**2 - 13*y - 4. Calculate s(-12).
8
Let d(p) = p**3 + 9*p**2 - p + 26. What is d(-9)?
35
Let z(b) = 3*b**3 - 7*b**2 + 7*b - 4. Give z(2).
6
Let w(h) = -3*h**3 - 3*h**2 + 3*h - 2. What is w(2)?
-32
Let u(o) = -8*o - 7. Calculate u(-4).
25
Let z(i) = -i**2 + i + 2. Give z(0).
2
Let c(t) = 3*t**3 - 7*t**2 - 2*t + 3. Determine c(3).
15
Let k(r) = -r**3 + 23*r**2 + r - 27. Determine k(23).
-4
Let n(k) = -k**3 + 8*k**2 - 3*k + 5. Give n(8).
-19
Let r(m) = -m + 29. Give r(22).
7
Let r(f) = 10*f - 2. Calculate r(1).
8
Let s(j) = -j**2 - 19*j + 40. Calculate s(2).
-2
Let v(p) = 3*p - 18. Determine v(-6).
-36
Let p(z) = -z**2 + 4*z + 13. Calculate p(6).
1
Let n(f) = 41*f - 18. Give n(0).
-18
Let r(o) = o - 18. What is r(-6)?
-24
Let b(t) = 7*t - 18. Calculate b(4).
10
Let w(p) = p**2 - 12*p - 33. What is w(14)?
-5
Let d(h) = 3*h**2 - 5*h + 10. Give d(-4).
78
Let o(z) = -z**3 + 4*z**2 - 2*z + 1. Calculate o(3).
4
Let a(z) = -6*z**2 + 13*z - 48. What is a(3)?
-63
Let y(c) = c + 18. What is y(-6)?
12
Let c(r) = 2*r**2 - r - 4. Give c(2).
2
Let j(g) = g**3 + 21*g**2 + g + 29. What is j(-21)?
8
Let q(x) = -12*x + 29. Give q(-4).
77
Let a(r) = 36*r + 526. Calculate a(-15).
-14
Let i(r) = -5*r**2 + r + 1. What is i(-2)?
-21
Let z(s) = -s**3 + 12*s**2 + 11*s + 15. Determine z(13).
-11
Let b(z) = 3*z**2 - 2*z - 15. Calculate b(-3).
18
Let u(w) = -16*w - 219. Determine u(-14).
5
Let t(v) = -2*v - 21. Calculate t(-16).
11
Let w(t) = 2*t**3 - 24*t**2 + 2*t - 19. Calculate w(12).
5
Let i(b) = -b**3 + 7*b**2 - 4*b - 2. Calculate i(6).
10
Let k(x) = x + 10. Give k(6).
16
Let g(r) = r - 16. Give g(-9).
-25
Let y(z) = z**3 - 2*z**2 - 59. Give y(0).
-59
Let s(l) = l**2 - 14*l + 10. What is s(12)?
-14
Let f(o) = -20*o - 1. Calculate f(1).
-21
Let u(q) = 2*q - 19. Determine u(13).
7
Let c(z) = -22*z - 6. What is c(2)?
-50
Let o(i) = 23*i + 9. Determine o(2).
55
Let x(z) = -z**2 + 2*z - 1. Calculate x(3).
-4
Let p(h) = 2*h**2 + 4*h + 4. Give p(-2).
4
Let x(f) = -f + 5. What is x(3)?
2
Let j(g) = -g**3 - 16*g**2 - 16*g - 8. Determine j(-15).
7
Let n(a) = 5*a**2 + 5*a + 14. Give n(-3).
44
Let u(v) = -v**2 - 2*v + 8. What is u(-5)?
-7
Let w(g) = g**3 + 9*g**2 + 10*g + 4. Give w(-7).
32
Let h(x) = x - 44. What is h(25)?
-19
Let l(c) = -3*c**2 - 8*c - 9. Calculate l(-5).
-44
Let a(j) = -2*j**2 - 84*j - 543. What is a(-34)?
1
Let m(i) = -i**2 - 9*i - 5. Give m(-7).
9
Let k(a) = a**3 - 9*a**2 - 9*a + 15. Give k(10).
25
Let p(q) = q - 4. What is p(-6)?
-10
Let h(w) = w**2 - 11*w + 12. Give h(8).
-12
Let a(o) = -o**2 - 15*o + 2. Determine a(-10).
52
Let f(w) = w**3 + 5*w**2 + 6*w + 7. Calculate f(-3).
7
Let c(j) = -6*j + 17. Give c(8).
-31
Let a(f) = 31*f - 898. Determine a(29).
1
Let g(i) = 2*i - 4. Determine g(-5).
-14
Let m(u) = -16*u**2 - 1. What is m(-1)?
-17
Let l(t) = t**3 + 19*t**2 + 3*t + 56. Determine l(-19).
-1
Let m(q) = 5*q + 1. Determine m(-1).
-4
Let q(p) = 5*p + 314. Calculate q(-64).
-6
Let n(x) = 9*x - 1. What is n(-1)?
-10
Let r(v) = -v**2 + v - 15. What is r(0)?
-15
Let r(u) = -u**2 - 9*u + 12. What is r(-10)?
2
Let i(p) = p**3 + 3*p**2 - 20*p - 12. What is i(-6)?
0
Let k(w) = -2*w**3 + 50*w**2 - 52*w + 60. What is k(24)?
-36
Let v(t) = -2*t**3 - 10*t**2 - 3*t - 14. What is v(-5)?
1
Let a(w) = -9*w**2 + 2*w + 2. What is a(-1)?
-9
Let j(g) = 8*g - 13. Calculate j(4).
19
Let t(q) = q**3 + 9*q**2 + 8*q + 1. Calculate t(-8).
1
Let j(z) = -5*z + 10. What is j(3)?
-5
Let s(k) = k**2 - 29*k + 19. Calculate s(29).
19
Let k(m) = m**3 - 10*m**2 + 13*m - 21. Calculate k(9).
15
Let x(t) = -t**2 + 3*t + 12. What is x(6)?
-6
Let k(q) = 15*q**2 - q + 1. Determine k(-1).
17
Let c(b) = b**3 + 5*b**2 + 4*b + 2. Calculate c(-4).
2
Let g(a) = a**3 + 8*a**2 - a + 18. Calculate g(-8).
26
Let k(p) = -20*p - 191. Calculate k(-10).
9
Let d(h) = h**2 + 43*h + 93. Determine d(-41).
11
Let r(j) = j**2 + 20*j - 90. Calculate r(-18).
-126
Let q(m) = -7*m**3 - m**2 + 1. Calculate q(1).
-7
Let r(v) = 2*v**3 + 4*v**2 - 5*v + 1. Calculate r(3).
76
Let r(t) = 31*t + 218. Determine r(-7).
1
Let i(v) = 3*v - 17. Give i(5).
-2
Let a(w) = -w**3 - 9*w**2 - 22*w - 5. Give a(-5).
5
Let j(m) = m**3 + 8*m**2 + 22*m + 30. What is j(-5)?
-5
Let d(y) = y**3 + y**2 + 3*y + 2. Give d(-2).
-8
Let w(g) = -g**2 + 3*g - 5. Give w(9).
-59
Let n(d) = -3*d + 22. Calculate n(9).
-5
Let g(f) = 4*f**2 + 9*f - 3. What is g(-3)?
6
Let l(b) = b + 16. Determine l(-12).
4
Let x(k) = k**2 - 6*k + 6. Calculate x(1).
1
Let x(h) = 3*h - 3. Calculate x(4).
9
Let p(t) = t**3 - 4*t**2 - 3. Calculate p(-3).
-66
Let h(x) = x**3 - 18*x**2 - x + 10. Determine h(18).
-8
Let t(l) = 6*l - 21. Calculate t(5).
9
Let r(n) = n**3 + 5*n**2 - 10*n - 10. What is r(-7)?
-38
Let h(j) = 2*j**3 - 41*j**2 + 18*j + 31. What is h(20)?
-9
Let f(y) = -y**3 - 3*y**2 + 2*y. What is f(-3)?
-6
Let w(x) = x**3 - 6*x**2 - 8*x + 4. Give w(6).
-44
Let c(k) = -2*k**2 - 10*k - 5. Determine c(-5).
-5
Let y(t) = t**3 + 16*t**2 + 9. Determine y(-16).
9
Let r(b) = -b**2 + b - 38. Determine r(0).
-38
Let c(p) = 8*p - 1. Calculate c(-4).
-33
Let i(j) = j + 1. Determine i(-18).
-17
Let f(m) = -2*m**2 - 24*m - 9. What is f(-12)?
-9
Let b(w) = -11*w + 1. Determine b(-1).
12
Let z(l) = 8*l - 289. Give z(34).
-17
Let x(w) = -4*w - 6. Calculate x(5).
-26
Let v(z) = -5*z**2 - 4*z + 3. Calculate v(1).
-6
Let g(s) = -7*s. Give g(6).
-42
Let t(o) = -o**2 - 45*o + 268. What is t(-50)?
18
Let o(h) = 3*h**2 - 60*h + 85. Calculate o(19).
28
Let t(n) = -n**2 + 9*n - 22. Calculate t(9).
-22
Let h(o) = o**3 + 6*o**2 + 4*o. Give h(-5).
5
Let d(a) = a**3 - 14*a**2 + 25*a - 3. Give d(12).
9
Let p(w) = -w**3 - 2*w**2 - 4. Calculate p(0).
-4
Let s(y) = -y**2